[INFO] cloning repository https://github.com/zemlanin/writers
[INFO] running `Command { std: "git" "-c" "credential.helper=" "-c" "credential.helper=/workspace/cargo-home/bin/git-credential-null" "clone" "--bare" "https://github.com/zemlanin/writers" "/workspace/cache/git-repos/https%3A%2F%2Fgithub.com%2Fzemlanin%2Fwriters", kill_on_drop: false }`
[INFO] [stderr] Cloning into bare repository '/workspace/cache/git-repos/https%3A%2F%2Fgithub.com%2Fzemlanin%2Fwriters'...
[INFO] running `Command { std: "git" "rev-parse" "HEAD", kill_on_drop: false }`
[INFO] [stdout] 0983986084cddae0a9d80369e6e338c222477211
[INFO] checking zemlanin/writers against try#72f88fc4e9458f89516a0b8b0868f3718aec5b47 for pr-74989
[INFO] running `Command { std: "git" "clone" "/workspace/cache/git-repos/https%3A%2F%2Fgithub.com%2Fzemlanin%2Fwriters" "/workspace/builds/worker-4/source", kill_on_drop: false }`
[INFO] [stderr] Cloning into '/workspace/builds/worker-4/source'...
[INFO] [stderr] done.
[INFO] validating manifest of git repo https://github.com/zemlanin/writers on toolchain 72f88fc4e9458f89516a0b8b0868f3718aec5b47
[INFO] running `Command { std: "/workspace/cargo-home/bin/cargo" "+72f88fc4e9458f89516a0b8b0868f3718aec5b47" "read-manifest" "--manifest-path" "Cargo.toml", kill_on_drop: false }`
[INFO] started tweaking git repo https://github.com/zemlanin/writers
[INFO] finished tweaking git repo https://github.com/zemlanin/writers
[INFO] tweaked toml for git repo https://github.com/zemlanin/writers written to /workspace/builds/worker-4/source/Cargo.toml
[INFO] crate git repo https://github.com/zemlanin/writers already has a lockfile, it will not be regenerated
[INFO] running `Command { std: "/workspace/cargo-home/bin/cargo" "+72f88fc4e9458f89516a0b8b0868f3718aec5b47" "fetch" "--locked" "--manifest-path" "Cargo.toml", kill_on_drop: false }`
[INFO] [stderr]     Updating git repository `https://github.com/nickel-org/rust-mustache.git`
[INFO] [stderr]     Updating git submodule `https://github.com/mustache/spec`
[INFO] [stderr] error: the lock file /workspace/builds/worker-4/source/Cargo.lock needs to be updated but --locked was passed to prevent this
[INFO] [stderr] If you want to try to generate the lock file without accessing the network, use the --offline flag.
[INFO] the lockfile is outdated, regenerating it
[INFO] running `Command { std: "/workspace/cargo-home/bin/cargo" "+72f88fc4e9458f89516a0b8b0868f3718aec5b47" "generate-lockfile" "--manifest-path" "Cargo.toml" "-Zno-index-update", kill_on_drop: false }`
[INFO] [stderr]     Updating git repository `https://github.com/nickel-org/rust-mustache.git`
[INFO] [stderr]     Updating git submodule `https://github.com/mustache/spec`
[INFO] running `Command { std: "/workspace/cargo-home/bin/cargo" "+72f88fc4e9458f89516a0b8b0868f3718aec5b47" "fetch" "--locked" "--manifest-path" "Cargo.toml", kill_on_drop: false }`
[INFO] running `Command { std: "docker" "create" "-v" "/var/lib/crater-agent-workspace/builds/worker-4/target:/opt/rustwide/target:rw,Z" "-v" "/var/lib/crater-agent-workspace/builds/worker-4/source:/opt/rustwide/workdir:ro,Z" "-v" "/var/lib/crater-agent-workspace/cargo-home:/opt/rustwide/cargo-home:ro,Z" "-v" "/var/lib/crater-agent-workspace/rustup-home:/opt/rustwide/rustup-home:ro,Z" "-e" "SOURCE_DIR=/opt/rustwide/workdir" "-e" "CARGO_TARGET_DIR=/opt/rustwide/target" "-e" "CARGO_HOME=/opt/rustwide/cargo-home" "-e" "RUSTUP_HOME=/opt/rustwide/rustup-home" "-w" "/opt/rustwide/workdir" "-m" "1610612736" "--user" "0:0" "--network" "none" "rustops/crates-build-env@sha256:d92eaeed33fa75130ca1ee6c8a01d1ffb62bac859dfdfb3450e3e5d1c0146529" "/opt/rustwide/cargo-home/bin/cargo" "+72f88fc4e9458f89516a0b8b0868f3718aec5b47" "metadata" "--no-deps" "--format-version=1", kill_on_drop: false }`
[INFO] [stdout] 04cf5976b5866650a93c6cfdfccabe06e310b8ed51f7af44a066949d475c3c15
[INFO] [stderr] WARNING: Your kernel does not support swap limit capabilities or the cgroup is not mounted. Memory limited without swap.
[INFO] running `Command { std: "docker" "start" "-a" "04cf5976b5866650a93c6cfdfccabe06e310b8ed51f7af44a066949d475c3c15", kill_on_drop: false }`
[INFO] running `Command { std: "docker" "inspect" "04cf5976b5866650a93c6cfdfccabe06e310b8ed51f7af44a066949d475c3c15", kill_on_drop: false }`
[INFO] running `Command { std: "docker" "rm" "-f" "04cf5976b5866650a93c6cfdfccabe06e310b8ed51f7af44a066949d475c3c15", kill_on_drop: false }`
[INFO] [stdout] 04cf5976b5866650a93c6cfdfccabe06e310b8ed51f7af44a066949d475c3c15
[INFO] running `Command { std: "docker" "create" "-v" "/var/lib/crater-agent-workspace/builds/worker-4/target:/opt/rustwide/target:rw,Z" "-v" "/var/lib/crater-agent-workspace/builds/worker-4/source:/opt/rustwide/workdir:ro,Z" "-v" "/var/lib/crater-agent-workspace/cargo-home:/opt/rustwide/cargo-home:ro,Z" "-v" "/var/lib/crater-agent-workspace/rustup-home:/opt/rustwide/rustup-home:ro,Z" "-e" "SOURCE_DIR=/opt/rustwide/workdir" "-e" "CARGO_TARGET_DIR=/opt/rustwide/target" "-e" "CARGO_INCREMENTAL=0" "-e" "RUST_BACKTRACE=full" "-e" "RUSTFLAGS=--cap-lints=forbid" "-e" "CARGO_HOME=/opt/rustwide/cargo-home" "-e" "RUSTUP_HOME=/opt/rustwide/rustup-home" "-w" "/opt/rustwide/workdir" "-m" "1610612736" "--user" "0:0" "--network" "none" "rustops/crates-build-env@sha256:d92eaeed33fa75130ca1ee6c8a01d1ffb62bac859dfdfb3450e3e5d1c0146529" "/opt/rustwide/cargo-home/bin/cargo" "+72f88fc4e9458f89516a0b8b0868f3718aec5b47" "check" "--frozen" "--all" "--all-targets" "--message-format=json", kill_on_drop: false }`
[INFO] [stdout] b28f327c32ba07266f9b73211d8f7cf6fbfb3f213a39a7c1e2787926aec49c44
[INFO] [stderr] WARNING: Your kernel does not support swap limit capabilities or the cgroup is not mounted. Memory limited without swap.
[INFO] running `Command { std: "docker" "start" "-a" "b28f327c32ba07266f9b73211d8f7cf6fbfb3f213a39a7c1e2787926aec49c44", kill_on_drop: false }`
[INFO] [stderr]    Compiling log v0.4.11
[INFO] [stderr]    Compiling serde v1.0.116
[INFO] [stderr]     Checking log v0.3.9
[INFO] [stderr]     Checking mustache v0.9.0 (https://github.com/nickel-org/rust-mustache.git#d60f4515)
[INFO] [stderr]     Checking writers v0.0.1 (/opt/rustwide/workdir)
[INFO] [stdout] error[E0432]: unresolved import `std::ffi::AsOsStr`
[INFO] [stdout]    --> src/main.rs:117:9
[INFO] [stdout]     |
[INFO] [stdout] 117 |     use std::ffi::AsOsStr;
[INFO] [stdout]     |         ^^^^^^^^^^-------
[INFO] [stdout]     |         |         |
[INFO] [stdout]     |         |         help: a similar name exists in the module: `OsStr`
[INFO] [stdout]     |         no `AsOsStr` in `ffi`
[INFO] [stdout] 
[INFO] [stdout] 
[INFO] [stdout] warning: use of deprecated macro `try`: use the `?` operator instead
[INFO] [stdout]    --> src/main.rs:157:21
[INFO] [stdout]     |
[INFO] [stdout] 157 |         let mut f = try!(File::open(template_path.as_os_str()));
[INFO] [stdout]     |                     ^^^
[INFO] [stdout]     |
[INFO] [stdout]     = note: `#[warn(deprecated)]` on by default
[INFO] [stdout] 
[INFO] [stdout] 
[INFO] [stdout] warning: use of deprecated macro `try`: use the `?` operator instead
[INFO] [stdout]    --> src/main.rs:159:9
[INFO] [stdout]     |
[INFO] [stdout] 159 |         try!(f.read_to_string(&mut s));
[INFO] [stdout]     |         ^^^
[INFO] [stdout] 
[INFO] [stdout] 
[INFO] [stdout] error[E0432]: unresolved import `std::ffi::AsOsStr`
[INFO] [stdout]    --> src/main.rs:117:9
[INFO] [stdout]     |
[INFO] [stdout] 117 |     use std::ffi::AsOsStr;
[INFO] [stdout]     |         ^^^^^^^^^^-------
[INFO] [stdout]     |         |         |
[INFO] [stdout]     |         |         help: a similar name exists in the module: `OsStr`
[INFO] [stdout]     |         no `AsOsStr` in `ffi`
[INFO] [stdout] 
[INFO] [stdout] 
[INFO] [stdout] warning: use of deprecated macro `try`: use the `?` operator instead
[INFO] [stdout]    --> src/main.rs:157:21
[INFO] [stdout]     |
[INFO] [stdout] 157 |         let mut f = try!(File::open(template_path.as_os_str()));
[INFO] [stdout]     |                     ^^^
[INFO] [stdout]     |
[INFO] [stdout]     = note: `#[warn(deprecated)]` on by default
[INFO] [stdout] 
[INFO] [stdout] 
[INFO] [stdout] warning: use of deprecated macro `try`: use the `?` operator instead
[INFO] [stdout]    --> src/main.rs:159:9
[INFO] [stdout]     |
[INFO] [stdout] 159 |         try!(f.read_to_string(&mut s));
[INFO] [stdout]     |         ^^^
[INFO] [stdout] 
[INFO] [stdout] 
[INFO] [stdout] error[E0599]: no method named `relative_from` found for struct `PathBuf` in the current scope
[INFO] [stdout]   --> src/main.rs:96:46
[INFO] [stdout]    |
[INFO] [stdout] 96 |         let relative_path_md = absolute_path.relative_from(&input_path).unwrap();
[INFO] [stdout]    |                                              ^^^^^^^^^^^^^ method not found in `PathBuf`
[INFO] [stdout] 
[INFO] [stdout] 
[INFO] [stdout] error[E0599]: no method named `relative_from` found for struct `PathBuf` in the current scope
[INFO] [stdout]   --> src/main.rs:96:46
[INFO] [stdout]    |
[INFO] [stdout] 96 |         let relative_path_md = absolute_path.relative_from(&input_path).unwrap();
[INFO] [stdout]    |                                              ^^^^^^^^^^^^^ method not found in `PathBuf`
[INFO] [stdout] 
[INFO] [stdout] 
[INFO] [stdout] error[E0277]: the trait bound `PageData: serde::ser::Serialize` is not satisfied
[INFO] [stdout]    --> src/main.rs:103:48
[INFO] [stdout]     |
[INFO] [stdout] 103 |         try_print!(template.render(&mut bytes, &page));
[INFO] [stdout]     |                                                ^^^^^ the trait `serde::ser::Serialize` is not implemented for `PageData`
[INFO] [stdout] 
[INFO] [stdout] 
[INFO] [stdout] error[E0277]: the trait bound `PageData: serde::ser::Serialize` is not satisfied
[INFO] [stdout]    --> src/main.rs:103:48
[INFO] [stdout]     |
[INFO] [stdout] 103 |         try_print!(template.render(&mut bytes, &page));
[INFO] [stdout]     |                                                ^^^^^ the trait `serde::ser::Serialize` is not implemented for `PageData`
[INFO] [stdout] 
[INFO] [stdout] 
[INFO] [stdout] error[E0599]: no method named `relative_from` found for reference `&Path` in the current scope
[INFO] [stdout]    --> src/main.rs:142:42
[INFO] [stdout]     |
[INFO] [stdout] 142 |         let relative_path = input_target.relative_from(input_path).unwrap();
[INFO] [stdout]     |                                          ^^^^^^^^^^^^^ method not found in `&Path`
[INFO] [stdout] 
[INFO] [stdout] 
[INFO] [stdout] error[E0599]: no method named `relative_from` found for reference `&Path` in the current scope
[INFO] [stdout]    --> src/main.rs:142:42
[INFO] [stdout]     |
[INFO] [stdout] 142 |         let relative_path = input_target.relative_from(input_path).unwrap();
[INFO] [stdout]     |                                          ^^^^^^^^^^^^^ method not found in `&Path`
[INFO] [stdout] 
[INFO] [stdout] 
[INFO] [stdout] error[E0308]: mismatched types
[INFO] [stdout]    --> src/main.rs:161:12
[INFO] [stdout]     |
[INFO] [stdout] 161 |         Ok(mustache::compile_str(&s))
[INFO] [stdout]     |            ^^^^^^^^^^^^^^^^^^^^^^^^^ expected struct `Template`, found enum `std::result::Result`
[INFO] [stdout]     |
[INFO] [stdout]     = note: expected struct `Template`
[INFO] [stdout]                  found enum `std::result::Result<Template, mustache::Error>`
[INFO] [stdout] 
[INFO] [stdout] 
[INFO] [stdout] error: aborting due to 5 previous errors; 2 warnings emitted
[INFO] [stdout] 
[INFO] [stdout] 
[INFO] [stdout] Some errors have detailed explanations: E0277, E0308, E0432, E0599.
[INFO] [stdout] 
[INFO] [stdout] For more information about an error, try `rustc --explain E0277`.
[INFO] [stdout] 
[INFO] [stdout] error[E0308]: mismatched types
[INFO] [stdout]    --> src/main.rs:161:12
[INFO] [stdout]     |
[INFO] [stdout] 161 |         Ok(mustache::compile_str(&s))
[INFO] [stdout]     |            ^^^^^^^^^^^^^^^^^^^^^^^^^ expected struct `Template`, found enum `std::result::Result`
[INFO] [stdout]     |
[INFO] [stdout]     = note: expected struct `Template`
[INFO] [stdout]                  found enum `std::result::Result<Template, mustache::Error>`
[INFO] [stdout] 
[INFO] [stdout] 
[INFO] [stdout] error: aborting due to 5 previous errors; 2 warnings emitted
[INFO] [stdout] 
[INFO] [stdout] 
[INFO] [stdout] Some errors have detailed explanations: E0277, E0308, E0432, E0599.
[INFO] [stdout] 
[INFO] [stdout] For more information about an error, try `rustc --explain E0277`.
[INFO] [stdout] 
[INFO] [stderr] error: could not compile `writers`.
[INFO] [stderr] 
[INFO] [stderr] To learn more, run the command again with --verbose.
[INFO] [stderr] warning: build failed, waiting for other jobs to finish...
[INFO] [stderr] error: build failed
[INFO] running `Command { std: "docker" "inspect" "b28f327c32ba07266f9b73211d8f7cf6fbfb3f213a39a7c1e2787926aec49c44", kill_on_drop: false }`
[INFO] running `Command { std: "docker" "rm" "-f" "b28f327c32ba07266f9b73211d8f7cf6fbfb3f213a39a7c1e2787926aec49c44", kill_on_drop: false }`
[INFO] [stdout] b28f327c32ba07266f9b73211d8f7cf6fbfb3f213a39a7c1e2787926aec49c44
